-- https://www.phpmyadmin.net/
--
-- Máy chủ: 127.0.0.1
-- Thời gian đã tạo: Th3 23, 2024 lúc 03:14 PM
-- Phiên bản máy phục vụ: 10.4.32-MariaDB
-- Phiên bản PHP: 8.2.12

START TRANSACTION;



--
-- Cơ sở dữ liệu: `apple`
--

-- --------------------------------------------------------

--
-- Cấu trúc bảng cho bảng `cart`
--

CREATE TABLE `cart` (
  `id` int(11) NOT NULL,
  `product_id` int(11) DEFAULT NULL,
  `user_id` int(11) DEFAULT NULL,
  `quantity` int(11) DEFAULT NULL
) ENGINE=InnoDB DEFAULT CHARSET=utf8 COLLATE=utf8_unicode_ci;

-- --------------------------------------------------------

--
-- Cấu trúc bảng cho bảng `category`
--

CREATE TABLE `category` (
  `id` int(11) NOT NULL,
  `name` varchar(255) NOT NULL
) ENGINE=InnoDB DEFAULT CHARSET=utf8 COLLATE=utf8_unicode_ci;

--
-- Đang đổ dữ liệu cho bảng `category`
--

INSERT INTO `category` (`id`, `name`) VALUES
(1, 'headphones'),
(2, 'travel'),
(3, 'accessories'),
(4, 'speakers');

-- --------------------------------------------------------

--
-- Cấu trúc bảng cho bảng `contact`
--

CREATE TABLE `contact` (
  `id` int(11) NOT NULL,
  `first_name` varchar(255) NOT NULL,
  `last_name` varchar(255) NOT NULL,
  `email` varchar(255) NOT NULL,
  `phone_number` varchar(255) NOT NULL,
  `title_name` varchar(255) NOT NULL,
  `note` varchar(255) NOT NULL
) ENGINE=InnoDB DEFAULT CHARSET=utf8 COLLATE=utf8_unicode_ci;

-- --------------------------------------------------------

--
-- Cấu trúc bảng cho bảng `doctrine_migration_versions`
--

CREATE TABLE `doctrine_migration_versions` (
  `version` varchar(191) NOT NULL,
  `executed_at` datetime DEFAULT NULL,
  `execution_time` int(11) DEFAULT NULL
) ENGINE=InnoDB DEFAULT CHARSET=utf8 COLLATE=utf8_unicode_ci;

-- --------------------------------------------------------

--
-- Cấu trúc bảng cho bảng `messenger_messages`
--

CREATE TABLE `messenger_messages` (
  `id` bigint(20) NOT NULL,
  `body` longtext NOT NULL,
  `headers` longtext NOT NULL,
  `queue_name` varchar(190) NOT NULL,
  `created_at` datetime NOT NULL COMMENT '(DC2Type:datetime_immutable)',
  `available_at` datetime NOT NULL COMMENT '(DC2Type:datetime_immutable)',
  `delivered_at` datetime DEFAULT NULL COMMENT '(DC2Type:datetime_immutable)'
) ENGINE=InnoDB DEFAULT CHARSET=utf8 COLLATE=utf8_unicode_ci;

-- --------------------------------------------------------

--
-- Cấu trúc bảng cho bảng `order`
--

CREATE TABLE `order` (
  `id` int(11) NOT NULL,
  `user_id` int(11) DEFAULT NULL,
  `name` varchar(255) NOT NULL,
  `mobile` int(11) NOT NULL,
  `address` varchar(255) NOT NULL,
  `date_at` datetime NOT NULL,
  `total` int(11) NOT NULL,
  `status` varchar(255) DEFAULT NULL
) ENGINE=InnoDB DEFAULT CHARSET=utf8 COLLATE=utf8_unicode_ci;

-- --------------------------------------------------------

--
-- Cấu trúc bảng cho bảng `order_detail`
--

CREATE TABLE `order_detail` (
  `id` int(11) NOT NULL,
  `product_id` int(11) DEFAULT NULL,
  `orderid_id` int(11) DEFAULT NULL,
  `quantity` int(11) NOT NULL
) ENGINE=InnoDB DEFAULT CHARSET=utf8 COLLATE=utf8_unicode_ci;

-- --------------------------------------------------------

--
-- Cấu trúc bảng cho bảng `position`
--

CREATE TABLE `position` (
  `id` int(11) NOT NULL,
  `name` varchar(255) NOT NULL
) ENGINE=InnoDB DEFAULT CHARSET=utf8 COLLATE=utf8_unicode_ci;

--
-- Đang đổ dữ liệu cho bảng `position`
--

INSERT INTO `position` (`id`, `name`) VALUES
(2, 'Manager'),
(3, 'Staff'),
(4, 'New customers');

-- --------------------------------------------------------

--
-- Cấu trúc bảng cho bảng `post`
--

CREATE TABLE `post` (
  `id` int(11) NOT NULL,
  `title` varchar(255) NOT NULL,
  `introduce` varchar(400) DEFAULT NULL,
  `body` varchar(1000) DEFAULT NULL,
  `end` varchar(400) DEFAULT NULL,
  `name` varchar(255) DEFAULT NULL,
  `date_at` datetime NOT NULL COMMENT '(DC2Type:datetime_immutable)',
  `image` varchar(255) NOT NULL
) ENGINE=InnoDB DEFAULT CHARSET=utf8 COLLATE=utf8_unicode_ci;

--
-- Đang đổ dữ liệu cho bảng `post`
--

INSERT INTO `post` (`id`, `title`, `introduce`, `body`, `end`, `name`, `date_at`, `image`) VALUES
(1, 'iPhone 15 - Công nghệ tiên tiến nhất từ trước đến nay sắp ra mắt!', '\"Cuối cùng, chiếc điện thoại iPhone 15 đang tiến tới sự ra mắt và không thể không được coi là một bước đột phá đầy hứa hẹn trong lĩnh vực công nghệ di động. Với những thông tin rò rỉ mới nhất, Apple đã xác nhận sẽ mang tới một trải nghiệm vượt trội và cải tiến đáng kinh ngạc cho người dùng của họ. Từ khả năng thần kỳ cho đến thiết kế tiên tiến, iPhone 15 hứa hẹn là một cú hích lớn trong ngành công', '\"iPhone 15 sẽ không chỉ là một chiếc điện thoại thông minh, mà còn là một kiệt tác công nghệ với những tính năng và cải tiến chưa từng thấy trước đó. Một trong những điểm đáng chú ý nhất của chiếc điện thoại này là màn hình được nâng cấp lên một tầm cao mới, sử dụng công nghệ OLED tiên tiến, mang đến hình ảnh sống động và sắc nét. Ngoài ra, iPhone 15 cũng được trang bị bộ vi xử lý mạnh mẽ và pin có dung lượng lớn, hứa hẹn mang lại hiệu năng ấn tượng và thời gian sử dụng lâu dài.  Công nghệ camera trên iPhone 15 cũng đạt tới một tầm cao mới. Hệ thống camera kép được nâng cấp với cảm biến lớn hơn và khả năng chụp ảnh trong điều kiện ánh sáng thấp vượt trội. Ngoài ra, tính năng chụp ảnh chân dung và chế độ chống rung cũng được cải tiến để đáp ứng nhu cầu của những người yêu thích nhiếp ảnh.  Không chỉ thế, iPhone 15 còn hỗ trợ kết nối 5G, mở ra một thế giới mới của tốc độ và khả năng truyền tải dữ liệu nhanh chóng. Điện thoại này cũng tích hợp công nghệ nhận diện khuôn mặt nâng cao, đảm b', '\"Trong tổng thể, iPhone 15 hứa hẹn sẽ đem lại một bước tiến vượt bậc về công nghệ di động và là niềm tự hào của Apple. Sự kết hợp giữa hiệu năng mạnh mẽ, thiết kế tinh tế và tính năng độc đáo của iPhone 15 đặt nó vào vị trí dẫn đầu trong cuộc đua công nghệ. Chúng ta không thể không chờ đợi những giây phút hấp dẫn khi chiếc điện thoại này chính thức được ra mắt trong tương lai gần.\"', 'van quyet', '2023-09-07 00:00:00', 'new1.jpg'),
(2, 'Các phiên bản MacBook Pro 2017, 2018 và 2019 sẽ không được hỗ trợ cập nhật mới nhất', 'Trong thế giới công nghệ hiện đại, các bản cập nhật phần mềm đóng một vai trò quan trọng để duy trì tính bảo mật, tối ưu hóa hiệu suất và cung cấp những tính năng mới cho các thiết bị di động. Tuy nhiên, những người sở hữu MacBook Pro từ năm 2017 đến 2019 sẽ đối diện với một tin không vui khi Apple thông báo rằng những phiên bản này sẽ không được hỗ trợ cập nhật bản cập nhật mới nhất. Hãy cùng tìm', 'Việc cập nhật phần mềm định kỳ là một phần quan trọng trong việc duy trì sự ổn định và bảo mật cho bất kỳ thiết bị điện tử nào, đặc biệt là trong trường hợp của máy tính MacBook Pro. Tuy nhiên, người dùng sở hữu các phiên bản MacBook Pro từ năm 2017 đến 2019 sẽ gặp khó khăn trong việc tiếp tục nhận các bản cập nhật mới nhất từ Apple.  Theo thông báo của Apple, các phiên bản MacBook Pro được ra mắt trong giai đoạn từ 2017 đến 2019 không sẽ không được hỗ trợ cài đặt các bản cập nhật phần mềm mới nhất. Điều này có nghĩa là những người dùng sử dụng những dòng máy tính này sẽ không nhận được các cải tiến tính năng, sửa lỗi bảo mật và tối ưu hóa hiệu suất mà các phiên bản MacBook Pro mới hơn đang hưởng.', 'Trong tình hình công nghệ thay đổi liên tục, việc không hỗ trợ cập nhật phần mềm mới nhất cho các phiên bản MacBook Pro 2017, 2018 và 2019 là điều không thể tránh khỏi. Dù cho điều này có thể gây thất vọng đối với một số người dùng, nhưng cũng cần hiểu rằng việc tiếp tục hỗ trợ cập nhật cho các dòng máy cũ đòi hỏi sự tốn kém và không phù hợp với sự phát triển nhanh chóng của công nghệ.', 'van quyet', '2023-01-01 00:00:00', 'new2.jpg'),
(3, 'iPhone XS không còn được hỗ trợ cập nhật mới nhất', 'iPhone XS từng là một trong những chiếc smartphone ấn tượng của Apple, ra mắt vào năm 2018 với nhiều tính năng và công nghệ tiên tiến. Tuy nhiên, những người dùng hết sức tiếc nuối khi Apple thông báo rằng iPhone XS sẽ không còn nhận được các bản cập nhật phần mềm mới nhất. Chúng ta hãy cùng khám phá nguyên nhân đằng sau quyết định này và tầm quan trọng của việc nâng cấp phiên bản mới hơn.', 'Với việc công nghệ ngày càng phát triển, việc nâng cấp phần mềm là một yếu tố không thể thiếu để duy trì hiệu suất và tính bảo mật cho bất kỳ thiết bị di động nào. Tuy nhiên, người dùng iPhone XS sẽ gặp khó khăn trong việc tiếp tục nhận các cập nhật mới nhất từ Apple.  Theo thông báo của Apple, iPhone XS đã chính thức bị loại khỏi danh sách các thiết bị nhận cập nhật phần mềm mới. Điều này có nghĩa là người dùng sở hữu chiếc điện thoại này sẽ không nhận được các bản cải tiến tính năng, sửa lỗi bảo mật và tối ưu hóa hiệu suất từ hãng.  Nguyên nhân chính sau quyết định này là sự phát triển nhanh chóng của công nghệ. Các phiên bản iPhone mới nhất được trang bị phần cứng mạnh mẽ và linh kiện tối ưu hóa, giúp chạy mượt mà các bản cập nhật phần mềm mới nhất. Trong khi đó, iPhone XS không thể đáp ứng đủ yêu cầu về phần cứng để hỗ trợ những bản cập nhật mới nhất, khiến cho việc tiếp tục hỗ trợ phần mềm trở nên không khả thi.  Việc không nhận được cập nhật mới nhất có thể gây thất vọng cho ngườ', 'Mặc dù việc iPhone XS không nhận được cập nhật mới nhất có thể khiến người dùng cảm thấy thất vọng, đây là điều không thể tránh khỏi trong cuộc sống công nghệ ngày nay. Để duy trì tính bảo mật và hiệu suất tối ưu, người dùng nên xem xét nâng cấp lên các phiên bản iPhone mới hơn hoặc xem xét các lựa chọn thay thế phù hợp. Việc đầu tư vào thiết bị mới sẽ đảm bảo rằng bạn có được trải nghiệm tốt nhất', 'ngoc anh', '2023-01-01 00:00:00', 'new3.jpg'),
(4, 'MacBook Air 2020: Khám phá sức mạnh của vi xử lý M1', 'Năm 2020, Apple đã đánh dấu một cột mốc quan trọng trong lĩnh vực máy tính xách tay khi giới thiệu phiên bản MacBook Air mới, được trang bị vi xử lý M1 đột phá. Với việc tích hợp công nghệ tiên tiến này, MacBook Air 2020 mang đến những cải tiến đáng kể về hiệu suất và tuổi thọ pin. Hãy cùng khám phá những điểm nổi bật của sản phẩm đáng chú ý này.', 'MacBook Air 2020 là một bước tiến vượt bậc so với các phiên bản trước đó, đặc biệt nhờ vào vi xử lý M1 do chính Apple phát triển. Vi xử lý M1 là một cỗ máy mạnh mẽ tích hợp CPU 8 nhân và GPU 7 nhân, đồng thời kết hợp cả vi xử lý AI Neural Engine để tối ưu hóa hiệu năng và tiết kiệm năng lượng. Nhờ vào kiến trúc ARM, MacBook Air 2020 không chỉ nhanh hơn mà còn tiêu thụ ít năng lượng hơn so với các phiên bản trước đây.  Sức mạnh của vi xử lý M1 thể hiện rõ qua hiệu suất đáng kinh ngạc của MacBook Air 2020. Tốc độ thực thi các tác vụ hàng ngày được cải thiện đáng kể, từ mở ứng dụng, lướt web, đến xử lý đa nhiệm. Hiệu suất đồ họa của máy tính xách tay này cũng nổi bật hơn với khả năng xử lý đồ họa ấn tượng, phù hợp cho cả công việc sáng tạo lẫn giải trí.  Ngoài hiệu suất ấn tượng, MacBook Air 2020 cũng ấn tượng với tuổi thọ pin kéo dài hơn. Vi xử lý M1 tiết kiệm năng lượng, giúp MacBook Air có thể hoạt động lâu hơn mà không cần sạc. Điều này là một ưu điểm lớn cho những người dùng di động,', 'MacBook Air 2020 với vi xử lý M1 đã chứng minh sức mạnh của công nghệ do Apple thiết kế và sản xuất. Với hiệu suất ấn tượng và tuổi thọ pin kéo dài, đây là một sự lựa chọn tuyệt vời cho cả người dùng chuyên nghiệp lẫn cá nhân. Nếu bạn đang tìm kiếm một chiếc máy tính xách tay mạnh mẽ và tiết kiệm năng lượng, MacBook Air 2020 là một lựa chọn không thể bỏ qua.', 'hoang tu', '2023-01-01 00:00:00', 'new4.jpg'),
(5, 'Apple Watch Series 6: Sức mạnh của đo đạc sức khỏe và tích hợp ECG', 'Với Apple Watch Series 6, Apple tiếp tục khẳng định vai trò của mình trong lĩnh vực sức khỏe và thể dục. Được giới thiệu vào năm 2020, Series 6 không chỉ giữ những tính năng ấn tượng từ các phiên bản trước đó mà còn tích hợp thêm nhiều cải tiến đáng chú ý. Hãy cùng khám phá sức mạnh và tầm quan trọng của Apple Watch Series 6 trong việc đo đạc sức khỏe và tích hợp ECG.', 'Apple Watch Series 6 đem đến nhiều công nghệ đo đạc sức khỏe tiên tiến, giúp người dùng theo dõi sức khỏe của mình một cách tự động và hiệu quả. Thiết bị trang bị cảm biến Oxygen Blood Saturation (SpO2), cho phép đo lường lượng oxy trong máu. Điều này giúp người dùng kiểm tra mức oxi huyết và nhận thông báo nếu mức SpO2 dưới mức bình thường, từ đó giúp phát hiện các vấn đề sức khỏe tiềm ẩn.  Thêm vào đó, Apple Watch Series 6 được trang bị tích hợp ECG, cho phép người dùng thực hiện đo điện tâm đồ ngay trên cổ tay. Chức năng này cho phép phát hiện các rối loạn nhịp tim và nguy cơ bệnh tim mạch, giúp người dùng nắm bắt kịp thời tình trạng sức khỏe của họ và tìm kiếm sự can thiệp y tế kịp thời nếu cần.', 'Apple Watch Series 6 mang đến sức mạnh đo đạc sức khỏe và tích hợp ECG ngay trên cổ tay người dùng. Với tính năng Oxygen Blood Saturation (SpO2) và ECG, Series 6 trở thành một trợ thủ đắc lực trong việc chăm sóc sức khỏe và phòng ngừa các bệnh lý. Nếu bạn đang quan tâm đến việc nâng cao tình trạng sức khỏe cá nhân, Apple Watch Series 6 là một sự lựa chọn đáng cân nhắc.', 'ngoc anh', '2023-01-04 00:00:00', 'new5.jpg'),
(6, 'iPad Pro 2021: Sự kết hợp hoàn hảo giữa công việc và giải trí', 'Vào năm 2021, Apple tiếp tục đem đến sự đột phá với iPad Pro mới. Với thiết kế mỏng nhẹ, màn hình tuyệt đẹp và sức mạnh của vi xử lý M1, iPad Pro 2021 hứa hẹn mang đến trải nghiệm đáng kinh ngạc cho cả công việc lẫn giải trí. Hãy cùng tìm hiểu về những tính năng đặc biệt của iPad Pro 2021 và tầm quan trọng của nó trong cuộc sống hàng ngày.', 'iPad Pro 2021 là một sự nâng cấp đáng giá so với các phiên bản trước đó. Sức mạnh của vi xử lý M1 đưa iPad Pro lên một tầm cao mới, giúp xử lý các tác vụ nặng nề một cách mượt mà và hiệu quả. Đây không chỉ là một công cụ giải trí hoàn hảo, mà còn là một thiết bị đáng tin cậy cho công việc.  Màn hình Liquid Retina XDR trên iPad Pro 2021 cũng là một điểm đáng chú ý. Với hệ thống đèn nền Mini-LED, iPad Pro hiển thị màu sắc chính xác và độ tương phản tuyệt vời. Điều này làm cho việc xem phim, chỉnh sửa hình ảnh và làm việc trở nên tuyệt vời hơn bao giờ hết.', 'iPad Pro 2021 mang đến sự kết hợp hoàn hảo giữa công việc và giải trí. Với sức mạnh của vi xử lý M1 và màn hình Liquid Retina XDR, iPad Pro 2021 trở thành một công cụ đáng tin cậy để sử dụng hàng ngày. Cho dù bạn là một chuyên gia công nghệ hay một người dùng cá nhân, iPad Pro 2021 đáng để cân nhắc khi tìm kiếm một thiết bị di động đa năng.', 'hoang tu', '2023-04-04 00:00:00', 'new6.jpg');

-- --------------------------------------------------------

--
-- Cấu trúc bảng cho bảng `product`
--

CREATE TABLE `product` (
  `id` int(11) NOT NULL,
  `category_id` int(11) DEFAULT NULL,
  `title` varchar(255) NOT NULL,
  `price` int(11) NOT NULL,
  `description` varchar(255) NOT NULL,
  `image` varchar(255) NOT NULL
) ENGINE=InnoDB DEFAULT CHARSET=utf8 COLLATE=utf8_unicode_ci;

--
-- Đang đổ dữ liệu cho bảng `product`
--

INSERT INTO `product` (`id`, `category_id`, `title`, `price`, `description`, `image`) VALUES
(4, 4, 'Best Buy', 2000000, 'Marshall Stanmore III Bluetooth Speaker Black 1006014 -', '1-65feddd9285aa.webp'),
(5, 4, 'Bluetooth Speaker', 6000000, 'Marshall Kilburn II Bluetooth Speaker', '2-65fede3649d2d.jpg'),
(6, 4, 'Best Prices In India', 7000000, 'Marshall Speakers - Buy Marshall Speakers Online at Best Prices', '3-65fede774eadb.webp'),
(7, 4, 'MARSHALL STANMORE', 5500000, 'MARSHALL STANMORE III COMPACT BLUETOOTH SPEAKER', '4-65fedef736368.jpg'),
(8, 1, 'Marshall Major III', 3000000, 'Buy Marshall Monitor II A.N.C. Wireless Headphones at Lowest Price', '5-65fee00a69f73.jpg'),
(9, 1, 'Marshall Major IV', 3700000, 'Marshall Major IV Bluetooth Headphone, Price in Lebanon', '6-65fee04a66ad4.jpg'),
(10, 1, 'Marshall Minor III', 4560000, 'Marshall Minor III, black - Wireless headphones', '7-65fee07b17499.webp'),
(11, 3, 'Major III Bluetooth', 3400000, 'Marshall - Major III Bluetooth - White - Bluetooth Wireless H', '14-65fee0d15c9d6.jpg'),
(12, 2, 'Bag Collection', 5000000, 'Marshall Travel Vietnam - Bag Collections & Accessories', '12-65fee1771d371.webp'),
(13, 2, 'Marshall Underground', 700000, 'Marshall Underground Duffel Bag', '9-65fee1a886c05.jpg'),
(14, 2, 'Black Downtown', 800000, 'Marshall Travel Thailand Official Black Downtown Speaker Handbag', '13-65fee38cce5f7.jpg'),
(15, 3, 'Motif II A.N.C', 120000, 'Hard Carrying Case for Marshall Willen Portable Blueto', '10-65fee28ce1e38.jpg'),
(16, 3, 'Major III và IV', 234000, 'Pad da Marshall', '11-65fee2c9ed332.webp'),
(17, 1, 'Minor III', 13, 'Marshall Minor III Truly Wireless In Ear Headphones', '8-65fee2fda2a6c.jpg');

--
-- Chỉ mục cho các bảng đã đổ
--

--
-- Chỉ mục cho bảng `cart`
--
ALTER TABLE `cart`
  ADD PRIMARY KEY (`id`),
  ADD KEY `IDX_BA388B74584665A` (`product_id`),
  ADD KEY `IDX_BA388B7A76ED395` (`user_id`);

--
-- Chỉ mục cho bảng `category`
--
ALTER TABLE `category`
  ADD PRIMARY KEY (`id`);

--
-- Chỉ mục cho bảng `contact`
--
ALTER TABLE `contact`
  ADD PRIMARY KEY (`id`);

--
-- Chỉ mục cho bảng `doctrine_migration_versions`
--
ALTER TABLE `doctrine_migration_versions`
  ADD PRIMARY KEY (`version`);

--
-- Chỉ mục cho bảng `messenger_messages`
--
ALTER TABLE `messenger_messages`
  ADD PRIMARY KEY (`id`),
  ADD KEY `IDX_75EA56E0FB7336F0` (`queue_name`),
  ADD KEY `IDX_75EA56E0E3BD61CE` (`available_at`),
  ADD KEY `IDX_75EA56E016BA31DB` (`delivered_at`);

--
-- Chỉ mục cho bảng `order`
--
ALTER TABLE `order`
  ADD PRIMARY KEY (`id`),
  ADD KEY `IDX_F5299398A76ED395` (`user_id`);

--
-- Chỉ mục cho bảng `order_detail`
--
ALTER TABLE `order_detail`
  ADD PRIMARY KEY (`id`),
  ADD KEY `IDX_ED896F464584665A` (`product_id`),
  ADD KEY `IDX_ED896F466F90D45B` (`orderid_id`);

--
-- Chỉ mục cho bảng `position`
--
ALTER TABLE `position`
  ADD PRIMARY KEY (`id`);

--
-- Chỉ mục cho bảng `post`
--
ALTER TABLE `post`
  ADD PRIMARY KEY (`id`);

--
-- Chỉ mục cho bảng `product`
--
ALTER TABLE `product`
  ADD PRIMARY KEY (`id`),
  ADD KEY `IDX_D34A04AD12469DE2` (`category_id`);

--
-- AUTO_INCREMENT cho các bảng đã đổ
--

--
-- AUTO_INCREMENT cho bảng `cart`
--
ALTER TABLE `cart`
  MODIFY `id` int(11) NOT NULL AUTO_INCREMENT, AUTO_INCREMENT=110;

--
-- AUTO_INCREMENT cho bảng `category`
--
ALTER TABLE `category`
  MODIFY `id` int(11) NOT NULL AUTO_INCREMENT, AUTO_INCREMENT=6;

--
-- AUTO_INCREMENT cho bảng `contact`
--
ALTER TABLE `contact`
  MODIFY `id` int(11) NOT NULL AUTO_INCREMENT, AUTO_INCREMENT=8;

--
-- AUTO_INCREMENT cho bảng `messenger_messages`
--
ALTER TABLE `messenger_messages`
  MODIFY `id` bigint(20) NOT NULL AUTO_INCREMENT;

--
-- AUTO_INCREMENT cho bảng `order`
--
ALTER TABLE `order`
  MODIFY `id` int(11) NOT NULL AUTO_INCREMENT, AUTO_INCREMENT=57;

--
-- AUTO_INCREMENT cho bảng `order_detail`
--
ALTER TABLE `order_detail`
  MODIFY `id` int(11) NOT NULL AUTO_INCREMENT, AUTO_INCREMENT=85;

--
-- AUTO_INCREMENT cho bảng `position`
--
ALTER TABLE `position`
  MODIFY `id` int(11) NOT NULL AUTO_INCREMENT, AUTO_INCREMENT=7;

--
-- AUTO_INCREMENT cho bảng `post`
--
ALTER TABLE `post`
  MODIFY `id` int(11) NOT NULL AUTO_INCREMENT, AUTO_INCREMENT=7;

--
-- AUTO_INCREMENT cho bảng `product`
--
ALTER TABLE `product`
  MODIFY `id` int(11) NOT NULL AUTO_INCREMENT, AUTO_INCREMENT=34;

--
-- Các ràng buộc cho các bảng đã đổ
--

--
-- Các ràng buộc cho bảng `cart`
--
ALTER TABLE `cart`
  ADD CONSTRAINT `FK_BA388B74584665A` FOREIGN KEY (`product_id`) REFERENCES `product` (`id`),
  ADD CONSTRAINT `FK_BA388B7A76ED395` FOREIGN KEY (`user_id`) REFERENCES `user` (`id`);

--
-- Các ràng buộc cho bảng `order`
--
ALTER TABLE `order`
  ADD CONSTRAINT `FK_F5299398A76ED395` FOREIGN KEY (`user_id`) REFERENCES `user` (`id`);

--
-- Các ràng buộc cho bảng `order_detail`
--
ALTER TABLE `order_detail`
  ADD CONSTRAINT `FK_ED896F464584665A` FOREIGN KEY (`product_id`) REFERENCES `product` (`id`),
  ADD CONSTRAINT `FK_ED896F466F90D45B` FOREIGN KEY (`orderid_id`) REFERENCES `order` (`id`);

--
-- Các ràng buộc cho bảng `product`
--
ALTER TABLE `product`
  ADD CONSTRAINT `FK_D34A04AD12469DE2` FOREIGN KEY (`category_id`) REFERENCES `category` (`id`);
COMMIT;

